69 composite?
False
Is 1439741 a prime number?
False
Is 120947 composite?
False
Is 52141 prime?
False
Is 506761 a prime number?
False
Is 317253 a prime number?
False
Is 153191 composite?
False
Is 623449 composite?
True
Is 26879 a prime number?
True
Is 5639 a composite number?
False
Is 48353 composite?
False
Is 3433 composite?
False
Is 936269 a composite number?
True
Is 2287 a composite number?
False
Is 1221247 a composite number?
False
Is 60373 prime?
True
Is 10831 a prime number?
True
Is 67839 a prime number?
False
Is 9662 prime?
False
Is 19801 a prime number?
True
Is 987727 a composite number?
True
Is 149 a composite number?
False
Is 22871 a prime number?
True
Is 38953 prime?
True
Is 2579 prime?
True
Is 32099 a composite number?
False
Is 694339 a composite number?
False
Is 957403 prime?
True
Is 5323 composite?
False
Is 365359 composite?
True
Is 9239 a prime number?
True
Is 8917 a composite number?
True
Is 138821 prime?
True
Is 7627 a prime number?
False
Is 23081 prime?
True
Is 26627 prime?
True
Is 2537 a prime number?
False
Is 175883 a prime number?
False
Is 1078183 a prime number?
True
Is 465151 a composite number?
False
Is 150959 a prime number?
True
Is 10685 a prime number?
False
Is 118147 a prime number?
True
Is 1249 prime?
True
Is 3158 a composite number?
True
Is 138737 composite?
True
Is 576014 composite?
True
Is 85171 prime?
False
Is 326813 a prime number?
False
Is 23717 composite?
True
Is 33509 prime?
False
Is 853 a composite number?
False
Is 905099 composite?
True
Is 39281 composite?
True
Is 10144249 prime?
True
Is 15107 a prime number?
True
Is 1277 a composite number?
False
Is 46595 composite?
True
Is 11461 a prime number?
False
Is 330899 a composite number?
False
Is 413131 a prime number?
False
Is 1538909 composite?
False
Is 29833 prime?
True
Is 913981 prime?
True
Is 637679 prime?
False
Is 8059 a prime number?
True
Is 2471 composite?
True
Is 1171 prime?
True
Is 304949 prime?
True
Is 224921 a composite number?
False
Is 82085 composite?
True
Is 1380421 prime?
False
Is 2911 a prime number?
False
Is 79363 a composite number?
True
Is 1775981 a prime number?
True
Is 119411 prime?
False
Is 32869 a prime number?
True
Is 9371 a prime number?
True
Is 72151 a prime number?
False
Is 368539 composite?
False
Is 387667 composite?
True
Is 37279 a composite number?
True
Is 51229 prime?
True
Is 179005 composite?
True
Is 45377 composite?
False
Is 49319 composite?
True
Is 63299 composite?
False
Is 6007 prime?
True
Is 59999 composite?
False
Is 95881 a composite number?
False
Is 2045 prime?
False
Is 1761 a composite number?
True
Is 388891 a composite number?
False
Is 9383 composite?
True
Is 11657 a composite number?
False
Is 1371 a prime number?
False
Is 139571 composite?
False
Is 127 a prime number?
True
Is 4191443 a prime number?
True
Is 647299 composite?
True
Is 396619 a composite number?
False
Is 19231 a prime number?
True
Is 158551 a prime number?
True
Is 799949 prime?
True
Is 1459 a composite number?
False
Is 27631 a composite number?
False
Is 2119 a composite number?
True
Is 12097 a prime number?
True
Is 253469 composite?
False
Is 163 composite?
False
Is 157627 composite?
False
Is 2999 composite?
False
Is 583603 prime?
True
Is 246119 a prime number?
True
Is 37441 a composite number?
False
Is 2819 a composite number?
False
Is 917219 composite?
False
Is 54155 a prime number?
False
Is 56891 a prime number?
True
Is 317503 a prime number?
True
Is 1439 a composite number?
False
Is 765535 a composite number?
True
Is 120007 prime?
False
Is 17291 a prime number?
True
Is 115259 a prime number?
True
Is 1255 a composite number?
True
Is 71089 a composite number?
False
Is 664253 a prime number?
True
Is 114533 a prime number?
False
Is 1602071 composite?
False
Is 12889 prime?
True
Is 2731801 a prime number?
False
Is 47283 a prime number?
False
Is 44867 a composite number?
False
Is 53353 composite?
False
Is 43499 a composite number?
False
Is 691 composite?
False
Is 3433 a prime number?
True
Is 77881 prime?
False
Is 2143667 composite?
False
Is 33307 a composite number?
True
Is 20779 a composite number?
True
Is 345047 a composite number?
False
Is 13126 composite?
True
Is 70427 composite?
True
Is 5167 a composite number?
False
Is 5839 prime?
True
Is 578251 a composite number?
False
Is 3383 a prime number?
False
Is 146283 a composite number?
True
Is 409645 prime?
False
Is 3398165 a composite number?
True
Is 7747 a composite number?
True
Is 69017 composite?
True
Is 9901 composite?
False
Is 15013 prime?
True
Is 62099 a prime number?
True
Is 20261 prime?
True
Is 537991 composite?
False
Is 168013 composite?
False
Is 78427 prime?
True
Is 1379657 composite?
False
Is 1399 a prime number?
True
Is 14365519 a prime number?
False
Is 1267613 composite?
False
Is 185917 a composite number?
False
Is 373 a composite number?
False
Is 137587 composite?
False
Is 122327 prime?
True
Is 4663 prime?
True
Is 350481 prime?
False
Is 188161 a composite number?
True
Is 42031 a composite number?
True
Is 2099 prime?
True
Is 84199 a prime number?
True
Is 173429 a prime number?
True
Is 30863 prime?
False
Is 130681 a prime number?
True
Is 3194 composite?
True
Is 6806365 prime?
False
Is 335687 a composite number?
True
Is 113749 a prime number?
True
Is 25943 a prime number?
True
Is 13019 composite?
True
Is 1357 prime?
False
Is 139067 a composite number?
False
Is 5567 prime?
False
Is 7361 a composite number?
True
Is 1121419 a composite number?
True
Is 4666 a composite number?
True
Is 66337 prime?
True
Is 2053 composite?
False
Is 543 prime?
False
Is 6421 a composite number?
False
Is 3163 a prime number?
True
Is 653261 a prime number?
False
Is 63937 a composite number?
True
Is 11777 composite?
False
Is 323441 prime?
True
Is 224027 a composite number?
False
Is 907 a composite number?
False
Is 2761111 a prime number?
True
Is 15611 prime?
False
Is 24933 composite?
True
Is 317767 prime?
False
Is 390083 prime?
True
Is 242257 prime?
True
Is 464891 a prime number?
False
Is 8699 composite?
False
Is 13841 composite?
False
Is 198473 composite?
True
Is 15339 prime?
False
Is 65266 composite?
True
Is 68645 a composite number?
True
Is 2905923 prime?
False
Is 25391 a prime number?
True
Is 463889 composite?
False
Is 328481 a prime number?
True
Is 12979 a prime number?
True
Is 5447 prime?
False
Is 331003 a prime number?
False
Is 283403 prime?
True
Is 15569 composite?
False
Is 399639 composite?
True
Is 16327 composite?
True
Is 20635 a composite number?
True
Is 9667 a composite number?
True
Is 78157 a composite number?
False
Is 64445 a prime number?
False
Is 3271 prime?
True
Is 922 prime?
False
Is 87613 a composite number?
False
Is 64451 composite?
False
Is 30293 prime?
True
Is 2879 composite?
False
Is 9841 prime?
False
Is 7159 composite?
False
Is 2053 prime?
True
Is 359 a prime number?
True
Is 9521 a composite number?
False
Is 5027813 composite?
True
Is 23383 prime?
False
Is 62273 prime?
True
Is 171727 a composite number?
True
Is 2153 composite?
False
Is 4511 a composite number?
True
Is 128903 composite?
False
Is 1271 a prime number?
False
Is 84353 a composite number?
True
Is 974903 composite?
True
Is 11213 prime?
True
Is 33809 prime?
True
Is 22613 a composite number?
False
Is 425233 a prime number?
True
Is 86231 a composite number?
True
Is 4245573 composite?
True
Is 115307 composite?
True
Is 330347 a composite number?
False
Is 36433 prime?
True
Is 35147 composite?
True
Is 3721277 a composite number?
True
Is 126145 a composite number?
True
Is 3325027 a composite number?
False
Is 49523 prime?
True
Is 5807 prime?
True
Is 942401 composite?
False
Is 58757 a prime number?
True
Is 30881 a prime number?
True
Is 392869 a composite number?
True
Is 8501 composite?
False
Is 527545 a prime number?
False
Is 2402038 a prime number?
False
Is 4535 a prime number?
False
Is 332015 composite?
True
Is 8963 a composite number?
False
Is 95603 a composite number?
False
Is 146729 prime?
False
Is 176389 prime?
True
Is 460609 a composite number?
False
Is 29473 a prime number?
True
Is 124141 composite?
True
Is 38509 a prime number?
False
Is 94623 prime?
False
Is 109259 composite?
True
Is 1213097 a prime number?
True
Is 9029 a composite number?
False
Is 11863 a composite number?
False
Is 884641 a prime number?
False
Is 499 a prime number?
True